 = -2*m + 86, 6*x + 187 = 4*m + 7*x. Suppose 3*n + 5*n = m. What is the greatest common divisor of n and l?
6
Let q = 13580 - 13521. What is the highest common divisor of 14337 and q?
59
Suppose 206 + 214 = 60*v. Let y(c) = c**2 + 10*c. Let r be y(v). Calculate the greatest common divisor of 17 and r.
17
Let q = -27 + 489. Let b = -8002 - -8024. What is the highest common factor of b and q?
22
Let q = -73 + 130. Suppose 3*i - q = -21. What is the highest common divisor of 156 and i?
12
Let p = -543050 + 543057. Suppose r = 2*r. Let g = 1 - r. What is the greatest common factor of g and p?
1
Let i(t) be the first derivative of -61*t**3/3 - 3*t**2/2 - 7*t + 16. Let j be i(-3). Let v = j - -899. Calculate the highest common factor of v and 32.
32
Let s = 296 + -304. Let j be (s - (-644)/(-8))*-2. Calculate the highest common divisor of 59 and j.
59
Suppose -13*k = -39*k - 156. Let n be (28 + 2)/(-5*k/45). Calculate the greatest common divisor of n and 72.
9
Let w = 542 - 540. Let u = 16 - 15. Suppose u = 5*m - 9. What is the highest common divisor of w and m?
2
Let g(r) = -86 - 9*r + 52 + 61. Let l be g(-10). Let m = l + -75. What is the greatest common divisor of m and 21?
21
Suppose 86*b + 3017 + 3133 = 96*b. What is the greatest common factor of b and 287?
41
Let k(j) = j**2 - 3 + 6 - 8 + 6*j. Let w be k(-8). Let m = 0 + w. Calculate the highest common factor of 44 and m.
11
Let j = -331 + 520. Let z = -112 + j. Suppose v - 13 = z. What is the highest common divisor of 30 and v?
30
Let c = -502 - -502. Suppose c = 3*g + w - 4048 + 1254, 4*g = 4*w + 3704. Calculate the highest common factor of 15 and g.
15
Let w be (1 + 0)/1*18096/12. Suppose 10*z = 36*z - w. Calculate the greatest common divisor of 290 and z.
58
Suppose 684 = 5*i + 1854. Let r = 248 + i. Calculate the highest common factor of r and 42.
14
Let w(r) = 84*r**2 + 197*r - 2968. Let q be w(14). Calculate the highest common divisor of 252 and q.
126
Let n be 83394/(-3390)*(-10)/6 + 1*-1. Let x = 22 - 12. What is the greatest common divisor of n and x?
10
Suppose 0 = -3*o + 6*o - 3*l - 8484, -5*o + 14142 = -4*l. Suppose -3260 = -21*q + o. Calculate the greatest common factor of q and 58.
58
Suppose -6 + 102 = 24*z. Suppose -z*g - 13 = -85. Calculate the highest common factor of g and 558.
18
Suppose 0 = -2*f + 11*q - 10*q + 65, 0 = -3*q + 15. Suppose l - f = -4*d, -3*l - 45 = -5*d - 4*l. What is the highest common divisor of d and 6?
2
Let a be (-1724)/(-16) - 1/(-4). Suppose 4*f - f - a = 0. Suppose -f = -7*y + 4*y. What is the highest common divisor of 18 and y?
6
Let m be (-1254)/(-12) + -2 - (-1)/(-2). Suppose 0 = 5*h + 12*h - m. Suppose -4*y + 3*y = -18. Calculate the greatest common divisor of h and y.
6
Suppose 5*c + 10 = 0, 2*t + 2*t + 2*c = 1052. Let p = t + -218. Calculate the greatest common factor of p and 46.
46
Suppose -17 = -3*i + 1. Let j(r) = 6*r - 5 + 9*r**2 - r**3 + 12 - i*r**2. Let a be j(-4). What is the greatest common divisor of 19 and a?
19
Suppose 53*q - 48*q + 735 = 0. Let g = q + 91. Let l be (-250)/(-7) + (-16)/g. Calculate the highest common divisor of l and 9.
9
Let s(h) = h**2 + 23*h + 63. Let j be s(-20). Suppose 76 - 349 = -j*l. What is the greatest common divisor of 13 and l?
13
Let w(g) = 32*g**2 + 19*g + 15. Let u be w(3). Calculate the highest common divisor of u and 90.
90
Let y = 466 + -461. Suppose -y*q + 2701 - 1986 = 0. What is the greatest common divisor of 22 and q?
11
Suppose 33*a - 4000 = 3*a + 10*a. What is the greatest common divisor of 160 and a?
40
Suppose -55 - 1 = -4*c. Let v be ((-26)/6)/(-5 + c/3). Suppose v*k - 304 - 476 = 0. What is the greatest common divisor of 10 and k?
10
Let i be 2787/21 + (-2)/(-7). Suppose 3*g - 710 = -26. Let q be 8/12*g/8. Calculate the highest common divisor of i and q.
19
Suppose -66*c + 88*c - 15840 = 0. Calculate the highest common factor of c and 504.
72
Let x(a) = -56*a - 3. Let f be x(18). Let k = f - -1034. Let i = 103 + -57. Calculate the highest common factor of k and i.
23
Let h(m) = -277*m**3 + 276*m**3 - m**2 + 5*m**2 + 154 - 13*m. Let p be h(6). Calculate the highest common divisor of 268 and p.
4
Suppose n - 5*w + 281 = 0, -9*w + 8*w = -4*n - 1124. Let a = n + 290. Let x be 3*12 + 0/1. What is the greatest common divisor of a and x?
9
Let f = -979 + 1007. Let n be 0 - (5 - 2) - -10. Calculate the highest common divisor of n and f.
7
Suppose 0 = 4*s + 3*p - 119, s - 772*p - 28 = -773*p. Suppose -4*h - 5*q + 165 = h, -3*h + 97 = 4*q. Calculate the highest common divisor of s and h.
35
Let w = -115 + 95. Let u be (3/4)/((-1)/w) + -4. Suppose 21*z - 22 = 19*z. What is the highest common divisor of z and u?
11
Let i(j) = -j**2 - 12*j + 8. Let x be i(-12). Let l(g) = -g**3 + 3*g**2 + 6*g. Let r = 110 + -114. Let b be l(r). What is the greatest common factor of x and b?
8
Let f be (-4)/18 - ((-650)/18)/5. Suppose -8*l - l = -108. Let c be (l/(-15))/(3/(210/(-4))). Calculate the greatest common factor of f and c.
7
Let u be (68 - (-5 - -7))/(114/266). Suppose -76 = -4*b + 56. What is the greatest common divisor of b and u?
11
Suppose -136*w = -312*w + 76*w + 4500. Suppose -3*r = 5*v - 119 - 67, -5*v + 172 = -4*r. What is the greatest common divisor of w and v?
9
Suppose 5*h + l - 593 = 0, -27*l + 23*l = 3*h - 332. What is the highest common factor of h and 4880?
40
Let g = 117 + 183. Suppose -20*u = -g - 420. Let s = u + 117. What is the highest common divisor of s and 9?
9
Suppose 4*g + 2*n = -726, 0 = -g + n - 143 - 40. Let w = g + 227. Let c = -101 - -161. Calculate the greatest common factor of w and c.
15
Suppose 229464 + 897592 = 347*h. Calculate the highest common factor of h and 1232.
112
Let s be (45/(-6) - -1) + (-18)/(-12). Let p be 5/(10 + s)*(-15)/(-3). Calculate the greatest common factor of p and 15.
5
Let h(b) = 259*b + 1. Let f be h(1). Suppose -8*l + f + 244 = 0. Suppose 3*r - 4*i = 5, -12 - 19 = -5*r + i. Calculate the greatest common divisor of r and l.
7
Let d(m) = 3*m**2 + 3*m - 12. Let q(h) = h**3 - 18*h**2 + 47*h - 27. Let x be q(15). Let v be d(x). Calculate the highest common factor of 192 and v.
24
Let u(o) = -21 + 50*o - 135*o + 63*o. Let s be u(-8). What is the greatest common factor of 31 and s?
31
Let s(g) = -17*g + 3. Let r be s(-1). Suppose r = c + 3*m - 16, -4*c + 5*m + 76 = 0. Calculate the greatest common factor of c and 8.
8
Let j = -299 + 299. Let w(c) = 24*c + 245. Let t be w(j). What is the greatest common factor of t and 147?
49
Let p(o) = o**2 + 10*o + 57 - 6 + 11*o - 28 - 17*o. Let m(b) = b**2 + 3*b + 4. Let q be m(-4). Let v be p(q). What is the highest common divisor of v and 17?
17
Let v be 306/(-4)*60164/(-801). What is the greatest common factor of v and 68?
34
Let b be 25/2*(-960)/(-150). Calculate the greatest common divisor of b and 65680.
80
Let w(d) = 7*d + 29. Let t be w(0). Suppose 0 = 14*q - t*q + 3000. What is the highest common divisor of q and 50?
50
Let o(h) = -h**2 - 6*h + 45. Let q be o(-10). Suppose -2*d + u + 55 = 0, q*u - 40 - 23 = -3*d. What is the greatest common divisor of 2 and d?
2
Let u = -7940 - -7964. What is the highest common factor of u and 36?
12
Let i(a) be the first derivative of a**3/3 + 7*a**2/2 - 6*a - 156. Let n be i(6). What is the highest common factor of 96 and n?
24
Let j(h) = h**3 + 3*h**2 + h + 8. Let u be j(-3). Suppose u*o - 242 = -3*t, -4*t + 222 = 5*o - 6*t. What is the greatest common factor of 2 and o?
2
Let z(n) = 771*n + 6097. Let p be z(-7). What is the highest common factor of 1100 and p?
100
Let l = 29 - 18. Suppose 5 = 5*z, b - 5*z + 30 - 102 = 0. What is the highest common divisor of b and l?
11
Let w be 1*(1 - 2) + (-189)/(-7). Suppose -w*d + 19*d = -224. What is the highest common divisor of 64 and d?
32
Let y(k) = 5*k + 32. Let a be y(-6). Suppose l - 153 = i, -2*l + 306 = a*i + 3*i. Suppose l - 33 = 5*g. Calculate the highest common factor of g and 36.
12
Let t be (-2)/(-7) + 542/14. Let d be (3720/80)/((-6)/(-8)). Suppose 10*f - 68 = d. What is the highest common factor of f and t?
13
Let d(u) = 11*u**2 - 40*u + 144. Let i be d(6). What is the highest common divisor of i and 825?
75
Let j be (27/(-4))/(12/(-64)). Let a = j + -16. Suppose 3*o + 5*l - 235 = 0, 13*l + 317 = 4*o + 16*l. What